ue
Is 3349512 a multiple of 54?
True
Is 29 a factor of 43833481?
False
Is 131 a factor of 9425974?
True
Is 49 a factor of 18091113?
False
Is 200 a factor of 6989712?
False
Is 202219230 a multiple of 3745?
False
Does 3612 divide 489375201?
False
Does 24 divide 218765928?
True
Is 1743 a factor of 824897409?
True
Is 13100294 a multiple of 358?
True
Is 36186892 a multiple of 1394?
False
Is 348 a factor of 482400732?
True
Is 59164571 a multiple of 61?
True
Does 227 divide 5279112?
True
Is 409 a factor of 650817682?
False
Does 433 divide 139707017?
True
Is 160579025 a multiple of 414?
False
Is 963 a factor of 4566029832?
True
Is 11 a factor of 415698580?
True
Does 8 divide 12209894?
False
Is 118633077 a multiple of 116?
False
Does 937 divide 177955977?
True
Does 1231 divide 3331823384?
False
Is 35332272 a multiple of 524?
True
Does 966 divide 22769586?
True
Is 136444185 a multiple of 25?
False
Is 3652364 a multiple of 10?
False
Is 638 a factor of 150280900?
True
Is 74417828 a multiple of 3574?
True
Is 2048886 a multiple of 98?
True
Is 2975587656 a multiple of 1258?
True
Is 1126 a factor of 1917978856?
True
Is 1967091680 a multiple of 7255?
True
Does 12 divide 1643820?
True
Is 8 a factor of 261309049?
False
Does 41 divide 37144852?
True
Is 41 a factor of 10525356?
True
Is 525 a factor of 326810925?
True
Is 174 a factor of 39628326?
True
Is 55567728 a multiple of 8?
True
Is 11 a factor of 3332697017?
False
Is 70 a factor of 332951360?
True
Is 42997950 a multiple of 214?
True
Is 77002752 a multiple of 64?
True
Is 784 a factor of 56308046?
False
Is 9 a factor of 7152975?
True
Is 395 a factor of 4233130007?
False
Is 19 a factor of 122135886?
False
Is 30474851 a multiple of 1123?
True
Is 20537946 a multiple of 158?
True
Is 1381007 a multiple of 853?
True
Is 340384767 a multiple of 16?
False
Is 2200 a factor of 37408372?
False
Is 8423551 a multiple of 2?
False
Is 14371848 a multiple of 188?
True
Is 59 a factor of 20218769?
True
Is 381814072 a multiple of 46?
False
Is 82 a factor of 31610065?
False
Is 82102839 a multiple of 39?
True
Is 367166329 a multiple of 132?
False
Is 2 a factor of 2910876?
True
Is 286143 a multiple of 253?
True
Is 361612800 a multiple of 32?
True
Is 16501979 a multiple of 69?
False
Does 110 divide 424068675?
False
Does 51 divide 24771873?
True
Is 228 a factor of 49857277?
False
Is 49159293 a multiple of 35?
False
Does 2883 divide 849173647?
False
Is 426261132 a multiple of 33?
True
Does 18 divide 200250558?
True
Does 12 divide 61255440?
True
Is 399762000 a multiple of 225?
True
Does 2533 divide 695608292?
False
Is 48 a factor of 1051456512?
True
Does 414 divide 1234689588?
True
Is 51 a factor of 16779659?
False
Does 32 divide 3971845825?
False
Is 4 a factor of 28577480?
True
Is 830705106 a multiple of 438?
True
Is 402 a factor of 3383259738?
True
Is 31 a factor of 477132005?
True
Is 41708199 a multiple of 1923?
False
Is 4443813 a multiple of 6?
False
Is 113474224 a multiple of 8?
True
Does 1607 divide 1651446119?
False
Is 1209266770 a multiple of 394?
True
Is 209951235 a multiple of 2245?
False
Is 388416284 a multiple of 1684?
True
Does 16 divide 132167428?
False
Is 5 a factor of 23648649?
False
Is 3 a factor of 20121877?
False
Does 19 divide 139694289?
True
Does 50 divide 721737313?
False
Does 3017 divide 635838784?
True
Does 387 divide 266862816?
True
Is 4754308 a multiple of 101?
False
Is 9640537 a multiple of 3?
False
Is 24 a factor of 66887122?
False
Does 1710 divide 3735422?
False
Is 28 a factor of 44774954?
False
Is 63475099 a multiple of 59?
False
Does 28 divide 219576363?
False
Is 308863164 a multiple of 19?
True
Is 12318376 a multiple of 28?
True
Is 144 a factor of 945110654?
False
Is 33040794 a multiple of 5?
False
Is 16 a factor of 29131667?
False
Is 2575 a factor of 1325686167?
False
Is 154 a factor of 511334824?
True
Is 94 a factor of 9440608?
True
Is 282505521 a multiple of 33?
False
Does 351 divide 108336852?
True
Is 203758882 a multiple of 16?
False
Is 551404 a multiple of 94?
True
Is 284492091 a multiple of 4728?
False
Does 699 divide 435139140?
False
Does 29 divide 4643609?
False
Does 4533 divide 726856357?
False
Is 141351232 a multiple of 44?
True
Does 84 divide 53159638?
False
Is 75799908 a multiple of 411?
True
Is 8901 a factor of 2800922175?
True
Is 6156150 a multiple of 91?
True
Does 18 divide 105378984?
True
Is 10 a factor of 73075184?
False
Is 15 a factor of 329102895?
True
Is 26 a factor of 38066132?
True
Is 53 a factor of 38884139?
True
Does 188 divide 369448029?
False
Is 2792889 a multiple of 2?
False
Is 382 a factor of 99439948?
True
Does 8 divide 32271096?
True
Is 360307871 a multiple of 93?
False
Is 1096793568 a multiple of 27?
True
Is 1962629802 a multiple of 327?
True
Does 1818 divide 6633385?
False
Does 1802 divide 1130254485?
False
Is 1401824978 a multiple of 2142?
False
Is 1359112689 a multiple of 297?
True
Is 688855167 a multiple of 63?
True
Does 97 divide 207759838?
True
Is 29980041 a multiple of 1351?
True
Is 8436528 a multiple of 12?
True
Does 659 divide 51964786?
True
Is 874 a factor of 1434830068?
True
Does 51 divide 19044879?
True
Is 204862389 a multiple of 33?
False
Is 17 a factor of 30701235?
True
Does 21 divide 176379672?
True
Is 742304065 a multiple of 28?
False
Is 96 a factor of 6266784?
True
Is 34 a factor of 304177125?
False
Does 78 divide 61020857?
False
Is 61 a factor of 2113601756?
False
Does 3 divide 202875678?
True
Is 16 a factor of 1151506112?
True
Is 151 a factor of 102260824?
True
Is 120 a factor of 35962560?
True
Is 1346 a factor of 103853322?
True
Is 5006 a factor of 789441194?
True
Does 3 divide 58258416?
True
Does 1209 divide 807884443?
False
Is 2479 a factor of 177135519?
False
Does 4335 divide 923564048?
False
Does 84 divide 25122215?
False
Is 3544 a factor of 1121193979?
False
Is 11909 a factor of 4187668851?
True
Is 667109378 a multiple of 131?
True
Does 1133 divide 4779920830?
False
Is 87979500 a multiple of 27?
True
Is 1917 a factor of 627253902?
True
Is 1908695776 a multiple of 82?
False
Does 298 divide 780819410?
False
Is 4977 a factor of 512188047?
True
Is 2 a factor of 67905?
False
Is 115069878 a multiple of 1057?
False
Is 23597666 a multiple of 1288?
False
Is 277722225 a multiple of 1111?
True
Does 2711 divide 238744215?
True
Is 19314942 a multiple of 44?
False
Is 24839063 a multiple of 103?
False
Does 3 divide 38682351?
True
Does 1157 divide 235508568?
False
Is 171916939 a multiple of 13?
False
Is 9 a factor of 376480633?
False
Does 852 divide 126501552?
True
Is 138 a factor of 6448878?
True
Does 22 divide 405379419?
False
Is 250203450 a multiple of 4585?
True
Does 1171 divide 116848235?
True
Is 373961838 a multiple of 38?
True
Does 41 divide 1003841335?
True
Does 22 divide 1414336?
True
Is 75608522 a multiple of 11?
True
Does 526 divide 19725314?
False
Is 45920228 a multiple of 21?
False
Does 153 divide 56690703?
False
Is 34 a factor of 237976472?
True
Is 18617808 a multiple of 1221?
True
Is 3770 a factor of 119447206?
False
Is 451 a factor of 1296359361?
True
Is 20 a factor of 157935537?
False
Is 12746160 a multiple of 2248?
True
Does 2697 divide 59469217?
False
Is 744 a factor of 88480200?
True
Is 1241746901 a multiple of 821?
True
Is 3 a factor of 101491598?
False
Does 65 divide 7672354692?
False
Is 86700523 a multiple of 44?
False
Is 9001 a factor of 2566491134?
True
Does 51 divide 148863288?
True
Does 1335 divide 27064455?
True
Does 54 divide 1967982?
False
Is 195923292 a multiple of 3746?
True
Is 8 a factor of 16409290?
False
Does 55 divide 18403416?
False
Does 166 divide 639065459?
False
Is 428960809 a multiple of 302?
False
Is 1063 a factor of 2466600082?
True
Does 490 divide 7194161?
False
Is 264 a factor of 58305243?
False
Is 24 a factor of 1594974494?
False
Is 560787621 a multiple of 681?
False
Is 167358912 a multiple of 27?
False
Is 119251223 a multiple of 469?
True
Does 89 divide 11815074?
False
Is 10260438 a multiple of 894?
True
Is 305 a factor of 2844069490?
True
Is 122486032 a multiple of 126?
False
Is 5193145947 a multiple of 56?
False
Is 28 a factor of 45628996?
True
Does 155 divide 266254195?
True
Is 499202645 a multiple of 26?
False
Is 22755378 a multiple of 309?
True
Is 472183204 a multiple of 1139?
False
Is 194 a factor of 34364882?